{"id":157,"date":"2026-01-13T09:40:31","date_gmt":"2026-01-13T14:40:31","guid":{"rendered":"https:\/\/danielapc.site\/?page_id=157"},"modified":"2026-01-21T12:45:57","modified_gmt":"2026-01-21T17:45:57","slug":"1ab","status":"publish","type":"page","link":"https:\/\/danielapc.site\/index.php\/eje-1\/1b\/1ab\/","title":{"rendered":"Maquillarse o cuidar la piel es un momento propio."},"content":{"rendered":"\n<p class=\"has-text-align-center has-text-color has-link-color has-medium-font-size wp-elements-e9e136290cb8e22d60b257161410dc67\" style=\"color:#482813\">En la locura del d\u00eda a d\u00eda, entre clases, trabajo y compromisos, \u00bfcu\u00e1ntas veces te has detenido a pensar en ti? A veces sentimos que dedicarnos un tiempo es ego\u00edsta o por vanidad, pero la verdad es que tu rutina de maquillaje y skincare es mucho m\u00e1s que eso, es un ritual sagrado para reconectar contigo misma.<\/p>\n\n\n<div class=\"wp-block-image\">\n<figure class=\"aligncenter size-large\"><img loading=\"lazy\" decoding=\"async\" width=\"410\" height=\"1024\" src=\"https:\/\/danielapc.site\/wp-content\/uploads\/2026\/01\/Infografia-Rutina-de-Belleza-Organico-Rosa-410x1024.png\" alt=\"\" class=\"wp-image-469\" srcset=\"https:\/\/danielapc.site\/wp-content\/uploads\/2026\/01\/Infografia-Rutina-de-Belleza-Organico-Rosa-410x1024.png 410w, https:\/\/danielapc.site\/wp-content\/uploads\/2026\/01\/Infografia-Rutina-de-Belleza-Organico-Rosa-120x300.png 120w, https:\/\/danielapc.site\/wp-content\/uploads\/2026\/01\/Infografia-Rutina-de-Belleza-Organico-Rosa-768x1920.png 768w, https:\/\/danielapc.site\/wp-content\/uploads\/2026\/01\/Infografia-Rutina-de-Belleza-Organico-Rosa.png 800w\" sizes=\"auto, (max-width: 410px) 100vw, 410px\" \/><\/figure>\n<\/div>\n\n\n<div class=\"wp-block-buttons is-layout-flex wp-block-buttons-is-layout-flex\">\n<div class=\"wp-block-button\"><a class=\"wp-block-button__link wp-element-button\" href=\"https:\/\/danielapc.site\/index.php\/eje-1\/1b\/\">back<\/a><\/div>\n<\/div>\n","protected":false},"excerpt":{"rendered":"<p>En la locura del d\u00eda a d\u00eda, entre clases, trabajo y compromisos, \u00bfcu\u00e1ntas veces te has detenido a pensar en ti? A veces sentimos que dedicarnos un tiempo es ego\u00edsta o por vanidad, pero la verdad es que tu rutina de maquillaje y skincare es mucho m\u00e1s que eso, es un ritual sagrado para reconectar <a class=\"read-more\" href=\"https:\/\/danielapc.site\/index.php\/eje-1\/1b\/1ab\/\">Read More<\/a><\/p>\n","protected":false},"author":1,"featured_media":0,"parent":133,"menu_order":0,"comment_status":"closed","ping_status":"closed","template":"","meta":{"footnotes":""},"class_list":["post-157","page","type-page","status-publish","hentry"],"yoast_head":"<!-- This site is optimized with the Yoast SEO plugin v26.4 - https:\/\/yoast.com\/wordpress\/plugins\/seo\/ -->\n<title>Maquillarse o cuidar la piel es un momento propio. - BEAUTY DISTRICT<\/title>\n<meta name=\"robots\" content=\"index, follow, max-snippet:-1, max-image-preview:large, max-video-preview:-1\" \/>\n<link rel=\"canonical\" href=\"https:\/\/danielapc.site\/index.php\/eje-1\/1b\/1ab\/\" \/>\n<meta property=\"og:locale\" content=\"es_ES\" \/>\n<meta property=\"og:type\" content=\"article\" \/>\n<meta property=\"og:title\" content=\"Maquillarse o cuidar la piel es un momento propio. - BEAUTY DISTRICT\" \/>\n<meta property=\"og:description\" content=\"En la locura del d\u00eda a d\u00eda, entre clases, trabajo y compromisos, \u00bfcu\u00e1ntas veces te has detenido a pensar en ti? A veces sentimos que dedicarnos un tiempo es ego\u00edsta o por vanidad, pero la verdad es que tu rutina de maquillaje y skincare es mucho m\u00e1s que eso, es un ritual sagrado para reconectar Read More\" \/>\n<meta property=\"og:url\" content=\"https:\/\/danielapc.site\/index.php\/eje-1\/1b\/1ab\/\" \/>\n<meta property=\"og:site_name\" content=\"BEAUTY DISTRICT\" \/>\n<meta property=\"article:modified_time\" content=\"2026-01-21T17:45:57+00:00\" \/>\n<meta property=\"og:image\" content=\"https:\/\/danielapc.site\/wp-content\/uploads\/2026\/01\/Infografia-Rutina-de-Belleza-Organico-Rosa.png\" \/>\n\t<meta property=\"og:image:width\" content=\"800\" \/>\n\t<meta property=\"og:image:height\" content=\"2000\" \/>\n\t<meta property=\"og:image:type\" content=\"image\/png\" \/>\n<meta name=\"twitter:card\" content=\"summary_large_image\" \/>\n<meta name=\"twitter:label1\" content=\"Tiempo de lectura\" \/>\n\t<meta name=\"twitter:data1\" content=\"1 minuto\" \/>\n<script type=\"application\/ld+json\" class=\"yoast-schema-graph\">{\"@context\":\"https:\/\/schema.org\",\"@graph\":[{\"@type\":\"WebPage\",\"@id\":\"https:\/\/danielapc.site\/index.php\/eje-1\/1b\/1ab\/\",\"url\":\"https:\/\/danielapc.site\/index.php\/eje-1\/1b\/1ab\/\",\"name\":\"Maquillarse o cuidar la piel es un momento propio. - BEAUTY DISTRICT\",\"isPartOf\":{\"@id\":\"https:\/\/danielapc.site\/#website\"},\"primaryImageOfPage\":{\"@id\":\"https:\/\/danielapc.site\/index.php\/eje-1\/1b\/1ab\/#primaryimage\"},\"image\":{\"@id\":\"https:\/\/danielapc.site\/index.php\/eje-1\/1b\/1ab\/#primaryimage\"},\"thumbnailUrl\":\"https:\/\/danielapc.site\/wp-content\/uploads\/2026\/01\/Infografia-Rutina-de-Belleza-Organico-Rosa-410x1024.png\",\"datePublished\":\"2026-01-13T14:40:31+00:00\",\"dateModified\":\"2026-01-21T17:45:57+00:00\",\"breadcrumb\":{\"@id\":\"https:\/\/danielapc.site\/index.php\/eje-1\/1b\/1ab\/#breadcrumb\"},\"inLanguage\":\"es\",\"potentialAction\":[{\"@type\":\"ReadAction\",\"target\":[\"https:\/\/danielapc.site\/index.php\/eje-1\/1b\/1ab\/\"]}]},{\"@type\":\"ImageObject\",\"inLanguage\":\"es\",\"@id\":\"https:\/\/danielapc.site\/index.php\/eje-1\/1b\/1ab\/#primaryimage\",\"url\":\"https:\/\/danielapc.site\/wp-content\/uploads\/2026\/01\/Infografia-Rutina-de-Belleza-Organico-Rosa.png\",\"contentUrl\":\"https:\/\/danielapc.site\/wp-content\/uploads\/2026\/01\/Infografia-Rutina-de-Belleza-Organico-Rosa.png\",\"width\":800,\"height\":2000},{\"@type\":\"BreadcrumbList\",\"@id\":\"https:\/\/danielapc.site\/index.php\/eje-1\/1b\/1ab\/#breadcrumb\",\"itemListElement\":[{\"@type\":\"ListItem\",\"position\":1,\"name\":\"Portada\",\"item\":\"https:\/\/danielapc.site\/\"},{\"@type\":\"ListItem\",\"position\":2,\"name\":\"El cuidado personal como acto de autoestima\",\"item\":\"https:\/\/danielapc.site\/index.php\/eje-1\/\"},{\"@type\":\"ListItem\",\"position\":3,\"name\":\"No es solo est\u00e9tica, tambi\u00e9n bienestar emocional.\",\"item\":\"https:\/\/danielapc.site\/index.php\/eje-1\/1b\/\"},{\"@type\":\"ListItem\",\"position\":4,\"name\":\"Maquillarse o cuidar la piel es un momento propio.\"}]},{\"@type\":\"WebSite\",\"@id\":\"https:\/\/danielapc.site\/#website\",\"url\":\"https:\/\/danielapc.site\/\",\"name\":\"Daniela Pe\u00f1aherrera\",\"description\":\"\u00a1Descubre el espacio donde tu piel y tu estilo encuentran su mejor versi\u00f3n &lt;3! \",\"potentialAction\":[{\"@type\":\"SearchAction\",\"target\":{\"@type\":\"EntryPoint\",\"urlTemplate\":\"https:\/\/danielapc.site\/?s={search_term_string}\"},\"query-input\":{\"@type\":\"PropertyValueSpecification\",\"valueRequired\":true,\"valueName\":\"search_term_string\"}}],\"inLanguage\":\"es\"}]}<\/script>\n<!-- \/ Yoast SEO plugin. -->","yoast_head_json":{"title":"Maquillarse o cuidar la piel es un momento propio. - BEAUTY DISTRICT","robots":{"index":"index","follow":"follow","max-snippet":"max-snippet:-1","max-image-preview":"max-image-preview:large","max-video-preview":"max-video-preview:-1"},"canonical":"https:\/\/danielapc.site\/index.php\/eje-1\/1b\/1ab\/","og_locale":"es_ES","og_type":"article","og_title":"Maquillarse o cuidar la piel es un momento propio. - BEAUTY DISTRICT","og_description":"En la locura del d\u00eda a d\u00eda, entre clases, trabajo y compromisos, \u00bfcu\u00e1ntas veces te has detenido a pensar en ti? A veces sentimos que dedicarnos un tiempo es ego\u00edsta o por vanidad, pero la verdad es que tu rutina de maquillaje y skincare es mucho m\u00e1s que eso, es un ritual sagrado para reconectar Read More","og_url":"https:\/\/danielapc.site\/index.php\/eje-1\/1b\/1ab\/","og_site_name":"BEAUTY DISTRICT","article_modified_time":"2026-01-21T17:45:57+00:00","og_image":[{"width":800,"height":2000,"url":"https:\/\/danielapc.site\/wp-content\/uploads\/2026\/01\/Infografia-Rutina-de-Belleza-Organico-Rosa.png","type":"image\/png"}],"twitter_card":"summary_large_image","twitter_misc":{"Tiempo de lectura":"1 minuto"},"schema":{"@context":"https:\/\/schema.org","@graph":[{"@type":"WebPage","@id":"https:\/\/danielapc.site\/index.php\/eje-1\/1b\/1ab\/","url":"https:\/\/danielapc.site\/index.php\/eje-1\/1b\/1ab\/","name":"Maquillarse o cuidar la piel es un momento propio. - BEAUTY DISTRICT","isPartOf":{"@id":"https:\/\/danielapc.site\/#website"},"primaryImageOfPage":{"@id":"https:\/\/danielapc.site\/index.php\/eje-1\/1b\/1ab\/#primaryimage"},"image":{"@id":"https:\/\/danielapc.site\/index.php\/eje-1\/1b\/1ab\/#primaryimage"},"thumbnailUrl":"https:\/\/danielapc.site\/wp-content\/uploads\/2026\/01\/Infografia-Rutina-de-Belleza-Organico-Rosa-410x1024.png","datePublished":"2026-01-13T14:40:31+00:00","dateModified":"2026-01-21T17:45:57+00:00","breadcrumb":{"@id":"https:\/\/danielapc.site\/index.php\/eje-1\/1b\/1ab\/#breadcrumb"},"inLanguage":"es","potentialAction":[{"@type":"ReadAction","target":["https:\/\/danielapc.site\/index.php\/eje-1\/1b\/1ab\/"]}]},{"@type":"ImageObject","inLanguage":"es","@id":"https:\/\/danielapc.site\/index.php\/eje-1\/1b\/1ab\/#primaryimage","url":"https:\/\/danielapc.site\/wp-content\/uploads\/2026\/01\/Infografia-Rutina-de-Belleza-Organico-Rosa.png","contentUrl":"https:\/\/danielapc.site\/wp-content\/uploads\/2026\/01\/Infografia-Rutina-de-Belleza-Organico-Rosa.png","width":800,"height":2000},{"@type":"BreadcrumbList","@id":"https:\/\/danielapc.site\/index.php\/eje-1\/1b\/1ab\/#breadcrumb","itemListElement":[{"@type":"ListItem","position":1,"name":"Portada","item":"https:\/\/danielapc.site\/"},{"@type":"ListItem","position":2,"name":"El cuidado personal como acto de autoestima","item":"https:\/\/danielapc.site\/index.php\/eje-1\/"},{"@type":"ListItem","position":3,"name":"No es solo est\u00e9tica, tambi\u00e9n bienestar emocional.","item":"https:\/\/danielapc.site\/index.php\/eje-1\/1b\/"},{"@type":"ListItem","position":4,"name":"Maquillarse o cuidar la piel es un momento propio."}]},{"@type":"WebSite","@id":"https:\/\/danielapc.site\/#website","url":"https:\/\/danielapc.site\/","name":"Daniela Pe\u00f1aherrera","description":"\u00a1Descubre el espacio donde tu piel y tu estilo encuentran su mejor versi\u00f3n &lt;3! ","potentialAction":[{"@type":"SearchAction","target":{"@type":"EntryPoint","urlTemplate":"https:\/\/danielapc.site\/?s={search_term_string}"},"query-input":{"@type":"PropertyValueSpecification","valueRequired":true,"valueName":"search_term_string"}}],"inLanguage":"es"}]}},"_links":{"self":[{"href":"https:\/\/danielapc.site\/index.php\/wp-json\/wp\/v2\/pages\/157","targetHints":{"allow":["GET"]}}],"collection":[{"href":"https:\/\/danielapc.site\/index.php\/wp-json\/wp\/v2\/pages"}],"about":[{"href":"https:\/\/danielapc.site\/index.php\/wp-json\/wp\/v2\/types\/page"}],"author":[{"embeddable":true,"href":"https:\/\/danielapc.site\/index.php\/wp-json\/wp\/v2\/users\/1"}],"replies":[{"embeddable":true,"href":"https:\/\/danielapc.site\/index.php\/wp-json\/wp\/v2\/comments?post=157"}],"version-history":[{"count":5,"href":"https:\/\/danielapc.site\/index.php\/wp-json\/wp\/v2\/pages\/157\/revisions"}],"predecessor-version":[{"id":553,"href":"https:\/\/danielapc.site\/index.php\/wp-json\/wp\/v2\/pages\/157\/revisions\/553"}],"up":[{"embeddable":true,"href":"https:\/\/danielapc.site\/index.php\/wp-json\/wp\/v2\/pages\/133"}],"wp:attachment":[{"href":"https:\/\/danielapc.site\/index.php\/wp-json\/wp\/v2\/media?parent=157"}],"curies":[{"name":"wp","href":"https:\/\/api.w.org\/{rel}","templated":true}]}}