{"id":155,"date":"2026-01-13T09:40:15","date_gmt":"2026-01-13T14:40:15","guid":{"rendered":"https:\/\/danielapc.site\/?page_id=155"},"modified":"2026-01-21T12:34:46","modified_gmt":"2026-01-21T17:34:46","slug":"1aa","status":"publish","type":"page","link":"https:\/\/danielapc.site\/index.php\/eje-1\/1a\/1aa\/","title":{"rendered":"El autocuidado deja de ser vanidad y se vuelve elecci\u00f3n personal."},"content":{"rendered":"\n<p class=\"has-medium-font-size\">Hoy en d\u00eda, el self-care es una herramienta de salud mental, no solo est\u00e9tica.<\/p>\n\n\n\n<div class=\"wp-block-group alignwide is-layout-grid wp-container-core-group-is-layout-9649a0d9 wp-block-group-is-layout-grid\">\n<div class=\"wp-block-columns are-vertically-aligned-center is-layout-flex wp-container-core-columns-is-layout-9d6595d7 wp-block-columns-is-layout-flex\">\n<div class=\"wp-block-column is-vertically-aligned-center is-layout-flow wp-block-column-is-layout-flow\" style=\"flex-basis:100%\"><\/div>\n<\/div>\n\n\n\n<figure class=\"wp-block-video wp-container-content-e29552f7\"><video height=\"848\" style=\"aspect-ratio: 480 \/ 848;\" width=\"480\" controls src=\"https:\/\/danielapc.site\/wp-content\/uploads\/2026\/01\/isa.mp4\"><\/video><\/figure>\n<\/div>\n\n\n\n<p class=\"has-medium-font-size\">Tomarte 15 minutos para tu rutina de skincare o elegir un outfit que te encante es una elecci\u00f3n consciente de poner tu paz mental primero. <\/p>\n\n\n\n<p class=\"has-medium-font-size\">La diferencia real entre vanidad y elecci\u00f3n personal es el por qu\u00e9.<\/p>\n\n\n\n<ul class=\"wp-block-list\">\n<li class=\"has-medium-font-size\">Vanidad: \u00bfMe veo bien para ellos?.<\/li>\n\n\n\n<li class=\"has-medium-font-size\">Elecci\u00f3n: Me cuido porque me hace sentir poderosa y bajo control.<\/li>\n<\/ul>\n\n\n\n<p><\/p>\n\n\n\n<p class=\"has-text-align-center has-background has-medium-font-size\" style=\"background-color:#f0d5de\">Puedes leer mas tips en este artuculo: <a href=\"https:\/\/www.eucerin.com.ec\/acerca-de-la-piel\/tratamiento-de-la-piel\/cuidados-para-la-piel\">https:\/\/www.eucerin.com.ec\/acerca-de-la-piel\/tratamiento-de-la-piel\/cuidados-para-la-piel<\/a><\/p>\n\n\n\n<p><\/p>\n\n\n\n<div class=\"wp-block-buttons is-layout-flex wp-block-buttons-is-layout-flex\">\n<div class=\"wp-block-button\"><a class=\"wp-block-button__link wp-element-button\" href=\"https:\/\/danielapc.site\/index.php\/eje-1\/1a\/\">back<\/a><\/div>\n<\/div>\n","protected":false},"excerpt":{"rendered":"<p>Hoy en d\u00eda, el self-care es una herramienta de salud mental, no solo est\u00e9tica. Tomarte 15 minutos para tu rutina de skincare o elegir un outfit que te encante es una elecci\u00f3n consciente de poner tu paz mental primero. La diferencia real entre vanidad y elecci\u00f3n personal es el por qu\u00e9. Puedes leer mas tips <a class=\"read-more\" href=\"https:\/\/danielapc.site\/index.php\/eje-1\/1a\/1aa\/\">Read More<\/a><\/p>\n","protected":false},"author":1,"featured_media":0,"parent":131,"menu_order":0,"comment_status":"closed","ping_status":"closed","template":"","meta":{"footnotes":""},"class_list":["post-155","page","type-page","status-publish","hentry"],"yoast_head":"<!-- This site is optimized with the Yoast SEO plugin v26.4 - https:\/\/yoast.com\/wordpress\/plugins\/seo\/ -->\n<title>El autocuidado deja de ser vanidad y se vuelve elecci\u00f3n personal. - BEAUTY DISTRICT<\/title>\n<meta name=\"robots\" content=\"index, follow, max-snippet:-1, max-image-preview:large, max-video-preview:-1\" \/>\n<link rel=\"canonical\" href=\"https:\/\/danielapc.site\/index.php\/eje-1\/1a\/1aa\/\" \/>\n<meta property=\"og:locale\" content=\"es_ES\" \/>\n<meta property=\"og:type\" content=\"article\" \/>\n<meta property=\"og:title\" content=\"El autocuidado deja de ser vanidad y se vuelve elecci\u00f3n personal. - BEAUTY DISTRICT\" \/>\n<meta property=\"og:description\" content=\"Hoy en d\u00eda, el self-care es una herramienta de salud mental, no solo est\u00e9tica. Tomarte 15 minutos para tu rutina de skincare o elegir un outfit que te encante es una elecci\u00f3n consciente de poner tu paz mental primero. La diferencia real entre vanidad y elecci\u00f3n personal es el por qu\u00e9. Puedes leer mas tips Read More\" \/>\n<meta property=\"og:url\" content=\"https:\/\/danielapc.site\/index.php\/eje-1\/1a\/1aa\/\" \/>\n<meta property=\"og:site_name\" content=\"BEAUTY DISTRICT\" \/>\n<meta property=\"article:modified_time\" content=\"2026-01-21T17:34:46+00:00\" \/>\n<meta name=\"twitter:card\" content=\"summary_large_image\" \/>\n<meta name=\"twitter:label1\" content=\"Tiempo de lectura\" \/>\n\t<meta name=\"twitter:data1\" content=\"1 minuto\" \/>\n<script type=\"application\/ld+json\" class=\"yoast-schema-graph\">{\"@context\":\"https:\/\/schema.org\",\"@graph\":[{\"@type\":\"WebPage\",\"@id\":\"https:\/\/danielapc.site\/index.php\/eje-1\/1a\/1aa\/\",\"url\":\"https:\/\/danielapc.site\/index.php\/eje-1\/1a\/1aa\/\",\"name\":\"El autocuidado deja de ser vanidad y se vuelve elecci\u00f3n personal. - BEAUTY DISTRICT\",\"isPartOf\":{\"@id\":\"https:\/\/danielapc.site\/#website\"},\"datePublished\":\"2026-01-13T14:40:15+00:00\",\"dateModified\":\"2026-01-21T17:34:46+00:00\",\"breadcrumb\":{\"@id\":\"https:\/\/danielapc.site\/index.php\/eje-1\/1a\/1aa\/#breadcrumb\"},\"inLanguage\":\"es\",\"potentialAction\":[{\"@type\":\"ReadAction\",\"target\":[\"https:\/\/danielapc.site\/index.php\/eje-1\/1a\/1aa\/\"]}]},{\"@type\":\"BreadcrumbList\",\"@id\":\"https:\/\/danielapc.site\/index.php\/eje-1\/1a\/1aa\/#breadcrumb\",\"itemListElement\":[{\"@type\":\"ListItem\",\"position\":1,\"name\":\"Portada\",\"item\":\"https:\/\/danielapc.site\/\"},{\"@type\":\"ListItem\",\"position\":2,\"name\":\"El cuidado personal como acto de autoestima\",\"item\":\"https:\/\/danielapc.site\/index.php\/eje-1\/\"},{\"@type\":\"ListItem\",\"position\":3,\"name\":\"El cuidado personal fortalece la autoestima.\",\"item\":\"https:\/\/danielapc.site\/index.php\/eje-1\/1a\/\"},{\"@type\":\"ListItem\",\"position\":4,\"name\":\"El autocuidado deja de ser vanidad y se vuelve elecci\u00f3n personal.\"}]},{\"@type\":\"WebSite\",\"@id\":\"https:\/\/danielapc.site\/#website\",\"url\":\"https:\/\/danielapc.site\/\",\"name\":\"Daniela Pe\u00f1aherrera\",\"description\":\"\u00a1Descubre el espacio donde tu piel y tu estilo encuentran su mejor versi\u00f3n &lt;3! \",\"potentialAction\":[{\"@type\":\"SearchAction\",\"target\":{\"@type\":\"EntryPoint\",\"urlTemplate\":\"https:\/\/danielapc.site\/?s={search_term_string}\"},\"query-input\":{\"@type\":\"PropertyValueSpecification\",\"valueRequired\":true,\"valueName\":\"search_term_string\"}}],\"inLanguage\":\"es\"}]}<\/script>\n<!-- \/ Yoast SEO plugin. -->","yoast_head_json":{"title":"El autocuidado deja de ser vanidad y se vuelve elecci\u00f3n personal. - BEAUTY DISTRICT","robots":{"index":"index","follow":"follow","max-snippet":"max-snippet:-1","max-image-preview":"max-image-preview:large","max-video-preview":"max-video-preview:-1"},"canonical":"https:\/\/danielapc.site\/index.php\/eje-1\/1a\/1aa\/","og_locale":"es_ES","og_type":"article","og_title":"El autocuidado deja de ser vanidad y se vuelve elecci\u00f3n personal. - BEAUTY DISTRICT","og_description":"Hoy en d\u00eda, el self-care es una herramienta de salud mental, no solo est\u00e9tica. Tomarte 15 minutos para tu rutina de skincare o elegir un outfit que te encante es una elecci\u00f3n consciente de poner tu paz mental primero. La diferencia real entre vanidad y elecci\u00f3n personal es el por qu\u00e9. Puedes leer mas tips Read More","og_url":"https:\/\/danielapc.site\/index.php\/eje-1\/1a\/1aa\/","og_site_name":"BEAUTY DISTRICT","article_modified_time":"2026-01-21T17:34:46+00:00","twitter_card":"summary_large_image","twitter_misc":{"Tiempo de lectura":"1 minuto"},"schema":{"@context":"https:\/\/schema.org","@graph":[{"@type":"WebPage","@id":"https:\/\/danielapc.site\/index.php\/eje-1\/1a\/1aa\/","url":"https:\/\/danielapc.site\/index.php\/eje-1\/1a\/1aa\/","name":"El autocuidado deja de ser vanidad y se vuelve elecci\u00f3n personal. - BEAUTY DISTRICT","isPartOf":{"@id":"https:\/\/danielapc.site\/#website"},"datePublished":"2026-01-13T14:40:15+00:00","dateModified":"2026-01-21T17:34:46+00:00","breadcrumb":{"@id":"https:\/\/danielapc.site\/index.php\/eje-1\/1a\/1aa\/#breadcrumb"},"inLanguage":"es","potentialAction":[{"@type":"ReadAction","target":["https:\/\/danielapc.site\/index.php\/eje-1\/1a\/1aa\/"]}]},{"@type":"BreadcrumbList","@id":"https:\/\/danielapc.site\/index.php\/eje-1\/1a\/1aa\/#breadcrumb","itemListElement":[{"@type":"ListItem","position":1,"name":"Portada","item":"https:\/\/danielapc.site\/"},{"@type":"ListItem","position":2,"name":"El cuidado personal como acto de autoestima","item":"https:\/\/danielapc.site\/index.php\/eje-1\/"},{"@type":"ListItem","position":3,"name":"El cuidado personal fortalece la autoestima.","item":"https:\/\/danielapc.site\/index.php\/eje-1\/1a\/"},{"@type":"ListItem","position":4,"name":"El autocuidado deja de ser vanidad y se vuelve elecci\u00f3n personal."}]},{"@type":"WebSite","@id":"https:\/\/danielapc.site\/#website","url":"https:\/\/danielapc.site\/","name":"Daniela Pe\u00f1aherrera","description":"\u00a1Descubre el espacio donde tu piel y tu estilo encuentran su mejor versi\u00f3n &lt;3! ","potentialAction":[{"@type":"SearchAction","target":{"@type":"EntryPoint","urlTemplate":"https:\/\/danielapc.site\/?s={search_term_string}"},"query-input":{"@type":"PropertyValueSpecification","valueRequired":true,"valueName":"search_term_string"}}],"inLanguage":"es"}]}},"_links":{"self":[{"href":"https:\/\/danielapc.site\/index.php\/wp-json\/wp\/v2\/pages\/155","targetHints":{"allow":["GET"]}}],"collection":[{"href":"https:\/\/danielapc.site\/index.php\/wp-json\/wp\/v2\/pages"}],"about":[{"href":"https:\/\/danielapc.site\/index.php\/wp-json\/wp\/v2\/types\/page"}],"author":[{"embeddable":true,"href":"https:\/\/danielapc.site\/index.php\/wp-json\/wp\/v2\/users\/1"}],"replies":[{"embeddable":true,"href":"https:\/\/danielapc.site\/index.php\/wp-json\/wp\/v2\/comments?post=155"}],"version-history":[{"count":7,"href":"https:\/\/danielapc.site\/index.php\/wp-json\/wp\/v2\/pages\/155\/revisions"}],"predecessor-version":[{"id":547,"href":"https:\/\/danielapc.site\/index.php\/wp-json\/wp\/v2\/pages\/155\/revisions\/547"}],"up":[{"embeddable":true,"href":"https:\/\/danielapc.site\/index.php\/wp-json\/wp\/v2\/pages\/131"}],"wp:attachment":[{"href":"https:\/\/danielapc.site\/index.php\/wp-json\/wp\/v2\/media?parent=155"}],"curies":[{"name":"wp","href":"https:\/\/api.w.org\/{rel}","templated":true}]}}