{"id":143,"date":"2026-01-13T09:26:50","date_gmt":"2026-01-13T14:26:50","guid":{"rendered":"https:\/\/danielapc.site\/?page_id=143"},"modified":"2026-01-21T13:21:09","modified_gmt":"2026-01-21T18:21:09","slug":"3a","status":"publish","type":"page","link":"https:\/\/danielapc.site\/index.php\/eje-3\/3a\/","title":{"rendered":"La apariencia no responde a un solo estilo."},"content":{"rendered":"\n<p class=\"has-medium-font-size\">A veces nos estresamos pensando que tenemos que elegir un solo estilo y que tenemos que seguir las modas de tiktok o de instagram, pero la verdad es que somos un mont\u00f3n de versiones a la vez. Un d\u00eda te sientes s\u00faper elegante y al otro solo quieres andar en sudadera y es correcto, tu estilo se va formando poco a poco, los colores que te gustan, si quieres usar falda o prefieres pantalon. Si te gustan los tacos o prefieres unos tenis. <\/p>\n\n\n\n<p class=\"has-background has-medium-font-size\" style=\"background-color:#f3d4dc\">Te dejo un video que encontre, donde puedes conocer mas tus rasgos y saber que estilo te queda mejor si te sientes perdida. <\/p>\n\n\n\n<figure class=\"wp-block-embed is-type-video is-provider-youtube wp-block-embed-youtube wp-embed-aspect-16-9 wp-has-aspect-ratio\"><div class=\"wp-block-embed__wrapper\">\n<iframe loading=\"lazy\" title=\"\ud83d\udcadTIPS para encontrar TU ESTILO PERSONAL! \ud83c\udf80 gu\u00eda b\u00e1sica para empezar a encontrar tu estilo\" width=\"800\" height=\"450\" src=\"https:\/\/www.youtube.com\/embed\/8tt3dIzj1jg?feature=oembed\" frameborder=\"0\" allow=\"accelerometer; autoplay; clipboard-write; encrypted-media; gyroscope; picture-in-picture; web-share\" referrerpolicy=\"strict-origin-when-cross-origin\" allowfullscreen><\/iframe>\n<\/div><\/figure>\n\n\n\n<p><\/p>\n\n\n\n<figure class=\"wp-block-gallery has-nested-images columns-default is-cropped wp-block-gallery-1 is-layout-flex wp-block-gallery-is-layout-flex\">\n<figure class=\"wp-block-image size-large is-resized\"><img loading=\"lazy\" decoding=\"async\" width=\"920\" height=\"613\" data-id=\"520\" src=\"https:\/\/danielapc.site\/wp-content\/uploads\/2026\/01\/image-75.png\" alt=\"\" class=\"wp-image-520\" style=\"width:449px;height:auto\" srcset=\"https:\/\/danielapc.site\/wp-content\/uploads\/2026\/01\/image-75.png 920w, https:\/\/danielapc.site\/wp-content\/uploads\/2026\/01\/image-75-300x200.png 300w, https:\/\/danielapc.site\/wp-content\/uploads\/2026\/01\/image-75-768x512.png 768w\" sizes=\"auto, (max-width: 920px) 100vw, 920px\" \/><\/figure>\n\n\n\n<figure class=\"wp-block-image size-large is-resized\"><img loading=\"lazy\" decoding=\"async\" width=\"1024\" height=\"768\" data-id=\"522\" src=\"https:\/\/danielapc.site\/wp-content\/uploads\/2026\/01\/image-77-1024x768.png\" alt=\"\" class=\"wp-image-522\" style=\"width:454px;height:auto\" srcset=\"https:\/\/danielapc.site\/wp-content\/uploads\/2026\/01\/image-77-1024x768.png 1024w, https:\/\/danielapc.site\/wp-content\/uploads\/2026\/01\/image-77-300x225.png 300w, https:\/\/danielapc.site\/wp-content\/uploads\/2026\/01\/image-77-768x576.png 768w, https:\/\/danielapc.site\/wp-content\/uploads\/2026\/01\/image-77.png 1500w\" sizes=\"auto, (max-width: 1024px) 100vw, 1024px\" \/><\/figure>\n<\/figure>\n\n\n\n<p><\/p>\n\n\n\n<div class=\"wp-block-buttons is-layout-flex wp-block-buttons-is-layout-flex\">\n<div class=\"wp-block-button\"><a class=\"wp-block-button__link wp-element-button\" href=\"https:\/\/danielapc.site\/index.php\/eje-3\/\">back<\/a><\/div>\n<\/div>\n\n\n\n<div class=\"wp-block-buttons is-content-justification-right is-layout-flex wp-container-core-buttons-is-layout-765c4724 wp-block-buttons-is-layout-flex\">\n<div class=\"wp-block-button\"><a class=\"wp-block-button__link wp-element-button\" href=\"https:\/\/danielapc.site\/index.php\/eje-3\/3a\/3aa\/\">Cada rutina es distinta como cada persoa<\/a><\/div>\n<\/div>\n\n\n\n<p><\/p>\n","protected":false},"excerpt":{"rendered":"<p>A veces nos estresamos pensando que tenemos que elegir un solo estilo y que tenemos que seguir las modas de tiktok o de instagram, pero la verdad es que somos un mont\u00f3n de versiones a la vez. Un d\u00eda te sientes s\u00faper elegante y al otro solo quieres andar en sudadera y es correcto, tu <a class=\"read-more\" href=\"https:\/\/danielapc.site\/index.php\/eje-3\/3a\/\">Read More<\/a><\/p>\n","protected":false},"author":1,"featured_media":0,"parent":127,"menu_order":0,"comment_status":"closed","ping_status":"closed","template":"","meta":{"footnotes":""},"class_list":["post-143","page","type-page","status-publish","hentry"],"yoast_head":"<!-- This site is optimized with the Yoast SEO plugin v26.4 - https:\/\/yoast.com\/wordpress\/plugins\/seo\/ -->\n<title>La apariencia no responde a un solo estilo. - BEAUTY DISTRICT<\/title>\n<meta name=\"robots\" content=\"index, follow, max-snippet:-1, max-image-preview:large, max-video-preview:-1\" \/>\n<link rel=\"canonical\" href=\"https:\/\/danielapc.site\/index.php\/eje-3\/3a\/\" \/>\n<meta property=\"og:locale\" content=\"es_ES\" \/>\n<meta property=\"og:type\" content=\"article\" \/>\n<meta property=\"og:title\" content=\"La apariencia no responde a un solo estilo. - BEAUTY DISTRICT\" \/>\n<meta property=\"og:description\" content=\"A veces nos estresamos pensando que tenemos que elegir un solo estilo y que tenemos que seguir las modas de tiktok o de instagram, pero la verdad es que somos un mont\u00f3n de versiones a la vez. Un d\u00eda te sientes s\u00faper elegante y al otro solo quieres andar en sudadera y es correcto, tu Read More\" \/>\n<meta property=\"og:url\" content=\"https:\/\/danielapc.site\/index.php\/eje-3\/3a\/\" \/>\n<meta property=\"og:site_name\" content=\"BEAUTY DISTRICT\" \/>\n<meta property=\"article:modified_time\" content=\"2026-01-21T18:21:09+00:00\" \/>\n<meta property=\"og:image\" content=\"https:\/\/danielapc.site\/wp-content\/uploads\/2026\/01\/image-75.png\" \/>\n\t<meta property=\"og:image:width\" content=\"920\" \/>\n\t<meta property=\"og:image:height\" content=\"613\" \/>\n\t<meta property=\"og:image:type\" content=\"image\/png\" \/>\n<meta name=\"twitter:card\" content=\"summary_large_image\" \/>\n<meta name=\"twitter:label1\" content=\"Tiempo de lectura\" \/>\n\t<meta name=\"twitter:data1\" content=\"1 minuto\" \/>\n<script type=\"application\/ld+json\" class=\"yoast-schema-graph\">{\"@context\":\"https:\/\/schema.org\",\"@graph\":[{\"@type\":\"WebPage\",\"@id\":\"https:\/\/danielapc.site\/index.php\/eje-3\/3a\/\",\"url\":\"https:\/\/danielapc.site\/index.php\/eje-3\/3a\/\",\"name\":\"La apariencia no responde a un solo estilo. - BEAUTY DISTRICT\",\"isPartOf\":{\"@id\":\"https:\/\/danielapc.site\/#website\"},\"primaryImageOfPage\":{\"@id\":\"https:\/\/danielapc.site\/index.php\/eje-3\/3a\/#primaryimage\"},\"image\":{\"@id\":\"https:\/\/danielapc.site\/index.php\/eje-3\/3a\/#primaryimage\"},\"thumbnailUrl\":\"https:\/\/danielapc.site\/wp-content\/uploads\/2026\/01\/image-75.png\",\"datePublished\":\"2026-01-13T14:26:50+00:00\",\"dateModified\":\"2026-01-21T18:21:09+00:00\",\"breadcrumb\":{\"@id\":\"https:\/\/danielapc.site\/index.php\/eje-3\/3a\/#breadcrumb\"},\"inLanguage\":\"es\",\"potentialAction\":[{\"@type\":\"ReadAction\",\"target\":[\"https:\/\/danielapc.site\/index.php\/eje-3\/3a\/\"]}]},{\"@type\":\"ImageObject\",\"inLanguage\":\"es\",\"@id\":\"https:\/\/danielapc.site\/index.php\/eje-3\/3a\/#primaryimage\",\"url\":\"https:\/\/danielapc.site\/wp-content\/uploads\/2026\/01\/image-75.png\",\"contentUrl\":\"https:\/\/danielapc.site\/wp-content\/uploads\/2026\/01\/image-75.png\",\"width\":920,\"height\":613},{\"@type\":\"BreadcrumbList\",\"@id\":\"https:\/\/danielapc.site\/index.php\/eje-3\/3a\/#breadcrumb\",\"itemListElement\":[{\"@type\":\"ListItem\",\"position\":1,\"name\":\"Portada\",\"item\":\"https:\/\/danielapc.site\/\"},{\"@type\":\"ListItem\",\"position\":2,\"name\":\"Apariencia, identidad y expresi\u00f3n personal\",\"item\":\"https:\/\/danielapc.site\/index.php\/eje-3\/\"},{\"@type\":\"ListItem\",\"position\":3,\"name\":\"La apariencia no responde a un solo estilo.\"}]},{\"@type\":\"WebSite\",\"@id\":\"https:\/\/danielapc.site\/#website\",\"url\":\"https:\/\/danielapc.site\/\",\"name\":\"Daniela Pe\u00f1aherrera\",\"description\":\"\u00a1Descubre el espacio donde tu piel y tu estilo encuentran su mejor versi\u00f3n &lt;3! \",\"potentialAction\":[{\"@type\":\"SearchAction\",\"target\":{\"@type\":\"EntryPoint\",\"urlTemplate\":\"https:\/\/danielapc.site\/?s={search_term_string}\"},\"query-input\":{\"@type\":\"PropertyValueSpecification\",\"valueRequired\":true,\"valueName\":\"search_term_string\"}}],\"inLanguage\":\"es\"}]}<\/script>\n<!-- \/ Yoast SEO plugin. -->","yoast_head_json":{"title":"La apariencia no responde a un solo estilo. - BEAUTY DISTRICT","robots":{"index":"index","follow":"follow","max-snippet":"max-snippet:-1","max-image-preview":"max-image-preview:large","max-video-preview":"max-video-preview:-1"},"canonical":"https:\/\/danielapc.site\/index.php\/eje-3\/3a\/","og_locale":"es_ES","og_type":"article","og_title":"La apariencia no responde a un solo estilo. - BEAUTY DISTRICT","og_description":"A veces nos estresamos pensando que tenemos que elegir un solo estilo y que tenemos que seguir las modas de tiktok o de instagram, pero la verdad es que somos un mont\u00f3n de versiones a la vez. Un d\u00eda te sientes s\u00faper elegante y al otro solo quieres andar en sudadera y es correcto, tu Read More","og_url":"https:\/\/danielapc.site\/index.php\/eje-3\/3a\/","og_site_name":"BEAUTY DISTRICT","article_modified_time":"2026-01-21T18:21:09+00:00","og_image":[{"width":920,"height":613,"url":"https:\/\/danielapc.site\/wp-content\/uploads\/2026\/01\/image-75.png","type":"image\/png"}],"twitter_card":"summary_large_image","twitter_misc":{"Tiempo de lectura":"1 minuto"},"schema":{"@context":"https:\/\/schema.org","@graph":[{"@type":"WebPage","@id":"https:\/\/danielapc.site\/index.php\/eje-3\/3a\/","url":"https:\/\/danielapc.site\/index.php\/eje-3\/3a\/","name":"La apariencia no responde a un solo estilo. - BEAUTY DISTRICT","isPartOf":{"@id":"https:\/\/danielapc.site\/#website"},"primaryImageOfPage":{"@id":"https:\/\/danielapc.site\/index.php\/eje-3\/3a\/#primaryimage"},"image":{"@id":"https:\/\/danielapc.site\/index.php\/eje-3\/3a\/#primaryimage"},"thumbnailUrl":"https:\/\/danielapc.site\/wp-content\/uploads\/2026\/01\/image-75.png","datePublished":"2026-01-13T14:26:50+00:00","dateModified":"2026-01-21T18:21:09+00:00","breadcrumb":{"@id":"https:\/\/danielapc.site\/index.php\/eje-3\/3a\/#breadcrumb"},"inLanguage":"es","potentialAction":[{"@type":"ReadAction","target":["https:\/\/danielapc.site\/index.php\/eje-3\/3a\/"]}]},{"@type":"ImageObject","inLanguage":"es","@id":"https:\/\/danielapc.site\/index.php\/eje-3\/3a\/#primaryimage","url":"https:\/\/danielapc.site\/wp-content\/uploads\/2026\/01\/image-75.png","contentUrl":"https:\/\/danielapc.site\/wp-content\/uploads\/2026\/01\/image-75.png","width":920,"height":613},{"@type":"BreadcrumbList","@id":"https:\/\/danielapc.site\/index.php\/eje-3\/3a\/#breadcrumb","itemListElement":[{"@type":"ListItem","position":1,"name":"Portada","item":"https:\/\/danielapc.site\/"},{"@type":"ListItem","position":2,"name":"Apariencia, identidad y expresi\u00f3n personal","item":"https:\/\/danielapc.site\/index.php\/eje-3\/"},{"@type":"ListItem","position":3,"name":"La apariencia no responde a un solo estilo."}]},{"@type":"WebSite","@id":"https:\/\/danielapc.site\/#website","url":"https:\/\/danielapc.site\/","name":"Daniela Pe\u00f1aherrera","description":"\u00a1Descubre el espacio donde tu piel y tu estilo encuentran su mejor versi\u00f3n &lt;3! ","potentialAction":[{"@type":"SearchAction","target":{"@type":"EntryPoint","urlTemplate":"https:\/\/danielapc.site\/?s={search_term_string}"},"query-input":{"@type":"PropertyValueSpecification","valueRequired":true,"valueName":"search_term_string"}}],"inLanguage":"es"}]}},"_links":{"self":[{"href":"https:\/\/danielapc.site\/index.php\/wp-json\/wp\/v2\/pages\/143","targetHints":{"allow":["GET"]}}],"collection":[{"href":"https:\/\/danielapc.site\/index.php\/wp-json\/wp\/v2\/pages"}],"about":[{"href":"https:\/\/danielapc.site\/index.php\/wp-json\/wp\/v2\/types\/page"}],"author":[{"embeddable":true,"href":"https:\/\/danielapc.site\/index.php\/wp-json\/wp\/v2\/users\/1"}],"replies":[{"embeddable":true,"href":"https:\/\/danielapc.site\/index.php\/wp-json\/wp\/v2\/comments?post=143"}],"version-history":[{"count":6,"href":"https:\/\/danielapc.site\/index.php\/wp-json\/wp\/v2\/pages\/143\/revisions"}],"predecessor-version":[{"id":576,"href":"https:\/\/danielapc.site\/index.php\/wp-json\/wp\/v2\/pages\/143\/revisions\/576"}],"up":[{"embeddable":true,"href":"https:\/\/danielapc.site\/index.php\/wp-json\/wp\/v2\/pages\/127"}],"wp:attachment":[{"href":"https:\/\/danielapc.site\/index.php\/wp-json\/wp\/v2\/media?parent=143"}],"curies":[{"name":"wp","href":"https:\/\/api.w.org\/{rel}","templated":true}]}}