{"id":121,"date":"2026-01-13T09:20:22","date_gmt":"2026-01-13T14:20:22","guid":{"rendered":"https:\/\/danielapc.site\/?page_id=121"},"modified":"2026-01-21T13:15:26","modified_gmt":"2026-01-21T18:15:26","slug":"eje-1","status":"publish","type":"page","link":"https:\/\/danielapc.site\/index.php\/eje-1\/","title":{"rendered":"El cuidado personal como acto de autoestima"},"content":{"rendered":"\n<div class=\"wp-block-media-text is-stacked-on-mobile\"><figure class=\"wp-block-media-text__media\"><img loading=\"lazy\" decoding=\"async\" width=\"768\" height=\"1024\" src=\"https:\/\/danielapc.site\/wp-content\/uploads\/2026\/01\/image-45.png\" alt=\"\" class=\"wp-image-376 size-full\" srcset=\"https:\/\/danielapc.site\/wp-content\/uploads\/2026\/01\/image-45.png 768w, https:\/\/danielapc.site\/wp-content\/uploads\/2026\/01\/image-45-225x300.png 225w\" sizes=\"auto, (max-width: 768px) 100vw, 768px\" \/><\/figure><div class=\"wp-block-media-text__content\">\n<p class=\"has-text-align-center has-black-color has-text-color has-background has-link-color has-medium-font-size wp-elements-cdbe90b01ec98c8284a2ccc9bdcca161\" style=\"background-color:#f0e0e2\">Cada vez que eliges tu bienestar, fortaleces esa relaci\u00f3n contigo mismo y reafirmas tu valor interno. No es un lujo, es fundamental para tener encendida tu confianza y tu paz mental. Al final, quererte bien es el primer paso para caminar seguro por el mundo.<\/p>\n<\/div><\/div>\n\n\n\n<p class=\"has-text-align-center has-black-color has-white-background-color has-text-color has-background has-link-color has-medium-font-size wp-elements-bfaae1205eea21e99c470162ebf3d8b9\">Nicole Guzm\u00e1n, creadora del podcast \u00abCharlando con la Berdad\u00bb<\/p>\n\n\n\n<figure class=\"wp-block-embed is-type-rich is-provider-spotify wp-block-embed-spotify wp-embed-aspect-21-9 wp-has-aspect-ratio\"><div class=\"wp-block-embed__wrapper\">\n<iframe title=\"Spotify Embed: Cuando el amor se enfrenta a la inseguridad\" style=\"border-radius: 12px\" width=\"100%\" height=\"152\" frameborder=\"0\" allowfullscreen allow=\"autoplay; clipboard-write; encrypted-media; fullscreen; picture-in-picture\" loading=\"lazy\" src=\"https:\/\/open.spotify.com\/embed\/episode\/0dWFpitfCemMlZCSEzMUlq?si=e04QjxZlQriveEe8YwlzxQ&amp;utm_source=oembed\"><\/iframe>\n<\/div><\/figure>\n\n\n\n<p class=\"has-medium-font-size\">Te invito a que mires este video y escuches lo que Nicole comparte sobre el poder de nuestra imagen. M\u00e1s all\u00e1 de la moda, el cuidado personal es un verdadero acto de amor propio.<\/p>\n\n\n\n<figure class=\"wp-block-video\"><video height=\"464\" style=\"aspect-ratio: 832 \/ 464;\" width=\"832\" controls src=\"https:\/\/danielapc.site\/wp-content\/uploads\/2026\/01\/WhatsApp-Video-2026-01-20-at-9.45.39-AM.mp4\"><\/video><\/figure>\n\n\n\n<p><\/p>\n\n\n\n<p class=\"has-medium-font-size\">La autoestima no se construye con frases motivadoras frente al espejo, sino con peque\u00f1os \u00e9xitos diarios en las que eliges no abandonarte. Cuidarte no es un lujo ni un acto ego\u00edsta, es el  fundamental para construir la seguridad para enfrentar el mundo.<\/p>\n\n\n\n<p><\/p>\n\n\n\n<div class=\"wp-block-buttons is-content-justification-center is-layout-flex wp-container-core-buttons-is-layout-16018d1d wp-block-buttons-is-layout-flex\">\n<div class=\"wp-block-button\"><a class=\"wp-block-button__link wp-element-button\" href=\"https:\/\/danielapc.site\/index.php\/eje-1\/1a\/\">El cuidado personal fortalece la autoestima.<\/a><\/div>\n<\/div>\n\n\n\n<p><\/p>\n\n\n\n<div class=\"wp-block-buttons is-content-justification-center is-layout-flex wp-container-core-buttons-is-layout-16018d1d wp-block-buttons-is-layout-flex\">\n<div class=\"wp-block-button\"><a class=\"wp-block-button__link wp-element-button\" href=\"https:\/\/danielapc.site\/index.php\/eje-1\/1b\/\">No es solo est\u00e9tica, tambien es bienestar emocional.<\/a><\/div>\n<\/div>\n\n\n\n<p><\/p>\n\n\n\n<div class=\"wp-block-buttons is-content-justification-center is-layout-flex wp-container-core-buttons-is-layout-16018d1d wp-block-buttons-is-layout-flex\">\n<div class=\"wp-block-button\"><a class=\"wp-block-button__link wp-element-button\" href=\"https:\/\/danielapc.site\/index.php\/eje-1\/1c\/\">Las rutinas conscientes de skincare ayudan a reducir estr\u00e9s.<\/a><\/div>\n<\/div>\n\n\n\n<div class=\"wp-block-buttons is-layout-flex wp-block-buttons-is-layout-flex\">\n<div class=\"wp-block-button\"><a class=\"wp-block-button__link wp-element-button\" href=\"https:\/\/danielapc.site\/index.php\/2026\/01\/13\/home-reportaje\/\">back<\/a><\/div>\n<\/div>\n\n\n\n<p><\/p>\n","protected":false},"excerpt":{"rendered":"<p>Cada vez que eliges tu bienestar, fortaleces esa relaci\u00f3n contigo mismo y reafirmas tu valor interno. No es un lujo, es fundamental para tener encendida tu confianza y tu paz mental. Al final, quererte bien es el primer paso para caminar seguro por el mundo. Nicole Guzm\u00e1n, creadora del podcast \u00abCharlando con la Berdad\u00bb Te <a class=\"read-more\" href=\"https:\/\/danielapc.site\/index.php\/eje-1\/\">Read More<\/a><\/p>\n","protected":false},"author":1,"featured_media":0,"parent":0,"menu_order":0,"comment_status":"closed","ping_status":"closed","template":"","meta":{"footnotes":""},"class_list":["post-121","page","type-page","status-publish","hentry"],"yoast_head":"<!-- This site is optimized with the Yoast SEO plugin v26.4 - https:\/\/yoast.com\/wordpress\/plugins\/seo\/ -->\n<title>El cuidado personal como acto de autoestima - BEAUTY DISTRICT<\/title>\n<meta name=\"robots\" content=\"index, follow, max-snippet:-1, max-image-preview:large, max-video-preview:-1\" \/>\n<link rel=\"canonical\" href=\"https:\/\/danielapc.site\/index.php\/eje-1\/\" \/>\n<meta property=\"og:locale\" content=\"es_ES\" \/>\n<meta property=\"og:type\" content=\"article\" \/>\n<meta property=\"og:title\" content=\"El cuidado personal como acto de autoestima - BEAUTY DISTRICT\" \/>\n<meta property=\"og:description\" content=\"Cada vez que eliges tu bienestar, fortaleces esa relaci\u00f3n contigo mismo y reafirmas tu valor interno. No es un lujo, es fundamental para tener encendida tu confianza y tu paz mental. Al final, quererte bien es el primer paso para caminar seguro por el mundo. Nicole Guzm\u00e1n, creadora del podcast \u00abCharlando con la Berdad\u00bb Te Read More\" \/>\n<meta property=\"og:url\" content=\"https:\/\/danielapc.site\/index.php\/eje-1\/\" \/>\n<meta property=\"og:site_name\" content=\"BEAUTY DISTRICT\" \/>\n<meta property=\"article:modified_time\" content=\"2026-01-21T18:15:26+00:00\" \/>\n<meta property=\"og:image\" content=\"https:\/\/danielapc.site\/wp-content\/uploads\/2026\/01\/image-45.png\" \/>\n\t<meta property=\"og:image:width\" content=\"768\" \/>\n\t<meta property=\"og:image:height\" content=\"1024\" \/>\n\t<meta property=\"og:image:type\" content=\"image\/png\" \/>\n<meta name=\"twitter:card\" content=\"summary_large_image\" \/>\n<meta name=\"twitter:label1\" content=\"Tiempo de lectura\" \/>\n\t<meta name=\"twitter:data1\" content=\"1 minuto\" \/>\n<script type=\"application\/ld+json\" class=\"yoast-schema-graph\">{\"@context\":\"https:\/\/schema.org\",\"@graph\":[{\"@type\":\"WebPage\",\"@id\":\"https:\/\/danielapc.site\/index.php\/eje-1\/\",\"url\":\"https:\/\/danielapc.site\/index.php\/eje-1\/\",\"name\":\"El cuidado personal como acto de autoestima - BEAUTY DISTRICT\",\"isPartOf\":{\"@id\":\"https:\/\/danielapc.site\/#website\"},\"primaryImageOfPage\":{\"@id\":\"https:\/\/danielapc.site\/index.php\/eje-1\/#primaryimage\"},\"image\":{\"@id\":\"https:\/\/danielapc.site\/index.php\/eje-1\/#primaryimage\"},\"thumbnailUrl\":\"https:\/\/danielapc.site\/wp-content\/uploads\/2026\/01\/image-45.png\",\"datePublished\":\"2026-01-13T14:20:22+00:00\",\"dateModified\":\"2026-01-21T18:15:26+00:00\",\"breadcrumb\":{\"@id\":\"https:\/\/danielapc.site\/index.php\/eje-1\/#breadcrumb\"},\"inLanguage\":\"es\",\"potentialAction\":[{\"@type\":\"ReadAction\",\"target\":[\"https:\/\/danielapc.site\/index.php\/eje-1\/\"]}]},{\"@type\":\"ImageObject\",\"inLanguage\":\"es\",\"@id\":\"https:\/\/danielapc.site\/index.php\/eje-1\/#primaryimage\",\"url\":\"https:\/\/danielapc.site\/wp-content\/uploads\/2026\/01\/image-45.png\",\"contentUrl\":\"https:\/\/danielapc.site\/wp-content\/uploads\/2026\/01\/image-45.png\",\"width\":768,\"height\":1024},{\"@type\":\"BreadcrumbList\",\"@id\":\"https:\/\/danielapc.site\/index.php\/eje-1\/#breadcrumb\",\"itemListElement\":[{\"@type\":\"ListItem\",\"position\":1,\"name\":\"Portada\",\"item\":\"https:\/\/danielapc.site\/\"},{\"@type\":\"ListItem\",\"position\":2,\"name\":\"El cuidado personal como acto de autoestima\"}]},{\"@type\":\"WebSite\",\"@id\":\"https:\/\/danielapc.site\/#website\",\"url\":\"https:\/\/danielapc.site\/\",\"name\":\"Daniela Pe\u00f1aherrera\",\"description\":\"\u00a1Descubre el espacio donde tu piel y tu estilo encuentran su mejor versi\u00f3n &lt;3! \",\"potentialAction\":[{\"@type\":\"SearchAction\",\"target\":{\"@type\":\"EntryPoint\",\"urlTemplate\":\"https:\/\/danielapc.site\/?s={search_term_string}\"},\"query-input\":{\"@type\":\"PropertyValueSpecification\",\"valueRequired\":true,\"valueName\":\"search_term_string\"}}],\"inLanguage\":\"es\"}]}<\/script>\n<!-- \/ Yoast SEO plugin. -->","yoast_head_json":{"title":"El cuidado personal como acto de autoestima - BEAUTY DISTRICT","robots":{"index":"index","follow":"follow","max-snippet":"max-snippet:-1","max-image-preview":"max-image-preview:large","max-video-preview":"max-video-preview:-1"},"canonical":"https:\/\/danielapc.site\/index.php\/eje-1\/","og_locale":"es_ES","og_type":"article","og_title":"El cuidado personal como acto de autoestima - BEAUTY DISTRICT","og_description":"Cada vez que eliges tu bienestar, fortaleces esa relaci\u00f3n contigo mismo y reafirmas tu valor interno. No es un lujo, es fundamental para tener encendida tu confianza y tu paz mental. Al final, quererte bien es el primer paso para caminar seguro por el mundo. Nicole Guzm\u00e1n, creadora del podcast \u00abCharlando con la Berdad\u00bb Te Read More","og_url":"https:\/\/danielapc.site\/index.php\/eje-1\/","og_site_name":"BEAUTY DISTRICT","article_modified_time":"2026-01-21T18:15:26+00:00","og_image":[{"width":768,"height":1024,"url":"https:\/\/danielapc.site\/wp-content\/uploads\/2026\/01\/image-45.png","type":"image\/png"}],"twitter_card":"summary_large_image","twitter_misc":{"Tiempo de lectura":"1 minuto"},"schema":{"@context":"https:\/\/schema.org","@graph":[{"@type":"WebPage","@id":"https:\/\/danielapc.site\/index.php\/eje-1\/","url":"https:\/\/danielapc.site\/index.php\/eje-1\/","name":"El cuidado personal como acto de autoestima - BEAUTY DISTRICT","isPartOf":{"@id":"https:\/\/danielapc.site\/#website"},"primaryImageOfPage":{"@id":"https:\/\/danielapc.site\/index.php\/eje-1\/#primaryimage"},"image":{"@id":"https:\/\/danielapc.site\/index.php\/eje-1\/#primaryimage"},"thumbnailUrl":"https:\/\/danielapc.site\/wp-content\/uploads\/2026\/01\/image-45.png","datePublished":"2026-01-13T14:20:22+00:00","dateModified":"2026-01-21T18:15:26+00:00","breadcrumb":{"@id":"https:\/\/danielapc.site\/index.php\/eje-1\/#breadcrumb"},"inLanguage":"es","potentialAction":[{"@type":"ReadAction","target":["https:\/\/danielapc.site\/index.php\/eje-1\/"]}]},{"@type":"ImageObject","inLanguage":"es","@id":"https:\/\/danielapc.site\/index.php\/eje-1\/#primaryimage","url":"https:\/\/danielapc.site\/wp-content\/uploads\/2026\/01\/image-45.png","contentUrl":"https:\/\/danielapc.site\/wp-content\/uploads\/2026\/01\/image-45.png","width":768,"height":1024},{"@type":"BreadcrumbList","@id":"https:\/\/danielapc.site\/index.php\/eje-1\/#breadcrumb","itemListElement":[{"@type":"ListItem","position":1,"name":"Portada","item":"https:\/\/danielapc.site\/"},{"@type":"ListItem","position":2,"name":"El cuidado personal como acto de autoestima"}]},{"@type":"WebSite","@id":"https:\/\/danielapc.site\/#website","url":"https:\/\/danielapc.site\/","name":"Daniela Pe\u00f1aherrera","description":"\u00a1Descubre el espacio donde tu piel y tu estilo encuentran su mejor versi\u00f3n &lt;3! ","potentialAction":[{"@type":"SearchAction","target":{"@type":"EntryPoint","urlTemplate":"https:\/\/danielapc.site\/?s={search_term_string}"},"query-input":{"@type":"PropertyValueSpecification","valueRequired":true,"valueName":"search_term_string"}}],"inLanguage":"es"}]}},"_links":{"self":[{"href":"https:\/\/danielapc.site\/index.php\/wp-json\/wp\/v2\/pages\/121","targetHints":{"allow":["GET"]}}],"collection":[{"href":"https:\/\/danielapc.site\/index.php\/wp-json\/wp\/v2\/pages"}],"about":[{"href":"https:\/\/danielapc.site\/index.php\/wp-json\/wp\/v2\/types\/page"}],"author":[{"embeddable":true,"href":"https:\/\/danielapc.site\/index.php\/wp-json\/wp\/v2\/users\/1"}],"replies":[{"embeddable":true,"href":"https:\/\/danielapc.site\/index.php\/wp-json\/wp\/v2\/comments?post=121"}],"version-history":[{"count":18,"href":"https:\/\/danielapc.site\/index.php\/wp-json\/wp\/v2\/pages\/121\/revisions"}],"predecessor-version":[{"id":572,"href":"https:\/\/danielapc.site\/index.php\/wp-json\/wp\/v2\/pages\/121\/revisions\/572"}],"wp:attachment":[{"href":"https:\/\/danielapc.site\/index.php\/wp-json\/wp\/v2\/media?parent=121"}],"curies":[{"name":"wp","href":"https:\/\/api.w.org\/{rel}","templated":true}]}}